 the highest common factor of 82915 and 9085?
115
Calculate the greatest common factor of 174046 and 306.
34
What is the greatest common divisor of 296 and 70300?
148
What is the highest common divisor of 220 and 241384?
44
Calculate the greatest common divisor of 60 and 116835.
15
What is the highest common factor of 32972 and 28?
4
Calculate the highest common divisor of 17970 and 195.
15
What is the greatest common divisor of 1360 and 153544?
136
Calculate the highest common factor of 699 and 2012421.
699
Calculate the highest common factor of 604 and 287957.
151
Calculate the greatest common divisor of 16 and 36616.
8
What is the highest common factor of 190 and 502664?
38
What is the highest common factor of 219665 and 5?
5
Calculate the greatest common factor of 16 and 1210824.
8
What is the greatest common divisor of 12495 and 2448?
51
What is the greatest common factor of 3563 and 112?
7
What is the greatest common factor of 345 and 1815?
15
Calculate the highest common factor of 3888 and 143370.
486
Calculate the highest common divisor of 400 and 160400.
400
Calculate the highest common divisor of 69273 and 140157.
1611
What is the highest common factor of 6515472 and 16?
16
Calculate the greatest common factor of 182947 and 113.
113
What is the highest common factor of 108 and 4301856?
108
Calculate the greatest common divisor of 2424832 and 148.
148
Calculate the highest common factor of 25515 and 70.
35
Calculate the greatest common divisor of 45 and 275445.
45
Calculate the greatest common divisor of 503930 and 35.
35
What is the highest common divisor of 323 and 57779?
19
Calculate the greatest common factor of 8 and 66272.
8
What is the highest common divisor of 344 and 4030648?
344
What is the greatest common divisor of 12 and 668688?
12
Calculate the highest common divisor of 10 and 38240.
10
What is the greatest common factor of 195 and 337168?
13
What is the highest common divisor of 1535607 and 2619?
873
Calculate the greatest common divisor of 5705 and 40.
5
Calculate the highest common factor of 182075 and 75.
25
Calculate the highest common factor of 38973 and 528.
33
What is the greatest common factor of 183972 and 12?
12
What is the greatest common divisor of 20 and 990010?
10
Calculate the highest common factor of 52 and 54938.
26
What is the greatest common factor of 1458 and 7803?
27
Calculate the highest common divisor of 4886 and 8638.
14
Calculate the highest common divisor of 533562 and 34.
34
Calculate the highest common divisor of 284 and 1723880.
284
Calculate the greatest common factor of 59868 and 144.
36
What is the highest common factor of 897290 and 3710?
530
What is the greatest common divisor of 530 and 935?
5
Calculate the greatest common divisor of 133489 and 131.
131
What is the greatest common factor of 5592 and 1631?
233
Calculate the highest common factor of 689132 and 8.
4
What is the highest common factor of 658999 and 22?
11
Calculate the highest common factor of 47651 and 272.
17
What is the highest common divisor of 3392 and 1585124?
212
What is the highest common divisor of 11 and 17696?
1
Calculate the greatest common factor of 14 and 42588.
14
Calculate the highest common factor of 8762 and 806.
26
What is the greatest common factor of 45695 and 390?
65
What is the greatest common factor of 1377 and 4671?
27
What is the highest common factor of 18 and 60714?
18
What is the highest common divisor of 71685 and 13635?
135
Calculate the highest common factor of 254340 and 40.
20
What is the highest common divisor of 21593 and 481?
13
What is the greatest common factor of 55260 and 180?
180
What is the highest common divisor of 10 and 729?
1
Calculate the greatest common factor of 688 and 2560.
16
Calculate the greatest common divisor of 1988 and 1772.
4
What is the highest common factor of 266 and 780254?
38
What is the greatest common divisor of 1136886 and 4272?
534
What is the highest common factor of 624 and 2728?
8
What is the greatest common factor of 481 and 2756?
13
Calculate the highest common factor of 440 and 20500.
20
What is the highest common factor of 726 and 1422?
6
Calculate the greatest common divisor of 88490 and 20.
10
Calculate the highest common divisor of 156 and 2613.
39
Calculate the highest common divisor of 525232 and 374.
34
Calculate the greatest common divisor of 37 and 1719427.
37
Calculate the highest common factor of 12614 and 1258.
34
Calculate the greatest common divisor of 25996 and 603.
67
What is the highest common factor of 296 and 382136?
296
Calculate the greatest common divisor of 3000 and 2550.
150
Calculate the highest common factor of 16 and 66256.
16
Calculate the greatest common divisor of 468 and 738.
18
What is the greatest common divisor of 3193 and 4619?
31
Calculate the greatest common divisor of 75 and 20856.
3
Calculate the highest common factor of 12 and 208758.
6
Calculate the greatest common divisor of 395659 and 473.
11
Calculate the greatest common factor of 1094 and 227005.
547
What is the greatest common factor of 895080 and 360?
120
What is the highest common divisor of 84220 and 100?
20
What is the highest common divisor of 204 and 775914?
102
What is the highest common factor of 72381 and 1?
1
Calculate the greatest common divisor of 6 and 2949.
3
Calculate the highest common factor of 1209912 and 1056.
264
Calculate the highest common factor of 2940 and 70756.
196
Calculate the highest common factor of 5766 and 8990.
62
What is the highest common factor of 6 and 79017?
3
Calculate the highest common divisor of 2923 and 328798.
79
What is the highest common factor of 3883 and 737?
11
What is the highest common divisor of 9 and 6015?
3
Calculate the highest common factor of 8868 and 22092.
12
Calculate the greatest common divisor of 85 and 46300.
5
Calculate the highest common divisor of 399 and 34734.
21
Calculate the greatest common factor of 19129 and 6031.
37
Calculate the greatest common factor of 100846 and 16.
2
What is the greatest common divisor of 537 and 5263674?
537
What is the highest common factor of 1503041 and 58?
29
Calculate the greatest common divisor of 16555 and 2200.
55
Calculate the greatest common factor of 1149 and 270.
3
Calculate the highest common divisor of 2065 and 590.
295
Calculate the highest common factor of 10933 and 464.
29
Calculate the greatest common divisor of 3320 and 175628.
332
Calculate the highest common factor of 50097 and 24.
3
Calculate the greatest common divisor of 1146 and 654.
6
What is the highest common factor of 420310 and 440?
110
What is the greatest common factor of 32996 and 2260?
452
What is the highest common divisor of 1071 and 2074?
17
Calculate the highest common factor of 392 and 224392.
56
What is the highest common factor of 123 and 28413?
123
What is the highest common factor of 31365 and 1665?
45
Calculate the highest common divisor of 66 and 2425214.
22
What is the greatest common divisor of 18242 and 266?
14
What is the greatest common factor of 335 and 116111?
67
What is the greatest common factor of 6 and 13862?
2
Calculate the greatest common factor of 82 and 16769.
41
Calculate the greatest common divisor of 664 and 8798.
166
Calculate the highest common divisor of 70 and 20986.
14
What is the highest common divisor of 2025 and 517725?
675
Calculate the greatest common factor of 640 and 651180.
20
Calculate the greatest common divisor of 3114 and 169886.
346
Calculate the highest common divisor of 928375 and 350.
175
What is the highest common divisor of 220978 and 21910?
626
What is the highest common factor of 24 and 160376?
8
Calculate the greatest common divisor of 125220 and 20.
20
What is the greatest common factor of 8208 and 528?
48
What is the greatest common factor of 370 and 223665?
185
Calculate the greatest common factor of 4899 and 24069.
213
What is the highest common factor of 15210 and 45?
45
What is the highest common factor of 26609 and 82?
41
Calculate the highest common divisor of 48754 and 494.
38
What is the greatest common factor of 735 and 26019?
147
Calculate the highest common factor of 234 and 962.
26
Calculate the highest common divisor of 355870 and 3040.
190
What is the highest common divisor of 212248 and 344?
344
What i